of -2*m**2 + 1/6*m**3 + 35*m - 12. Let c(q) be the first derivative of o(q). Determine c(6).
2
Let o(c) = -c**3 - 11*c**2 - 12*c - 19. Let y be o(-10). Let p(q) = 736*q - 742*q - 2*q**2 - y + 0. Determine p(-4).
-9
Suppose 0 = -14*h - 10*h + 144. Let o(i) = -5*i**2 - 7*i + 5. Let c(z) = 4*z**2 + 7*z - 4. Let r(t) = h*c(t) + 5*o(t). Give r(6).
7
Let x(k) = -k**2 + 12*k + 16. Let o(v) = 2*v**2 + 6*v + 5. Let h(u) = o(u) - x(u). Determine h(-3).
34
Let l(m) be the third derivative of -m**4/24 - 23*m**3/3 - 2*m**2 + m - 37. What is l(0)?
-46
Let f(n) be the third derivative of -n**4/4 - 8*n**3/3 + 1002*n**2 - 2*n. Give f(-11).
50
Let d(c) = -3*c**2 + 24*c - 52. Let w(g) = -g**2 + 8*g - 17. Let l(n) = -6*d(n) + 17*w(n). Calculate l(8).
23
Let o(v) be the third derivative of -2*v**6/15 + v**5/60 + v**4/24 - v**3/6 - v**2 + 740*v. What is o(-1)?
15
Let k(a) be the second derivative of a**5/20 - 4*a**4/3 + a**3/3 + 4*a**2 + 341*a + 2. Give k(16).
40
Let w(o) = -o**2 - 8*o - 6. Let j = 26 - -40. Let a = 17 - j. Let b = a + 42. Determine w(b).
1
Let x(q) = -2*q**3 + 16*q**2 - 15*q - 2. Let t be x(7). Let j(y) = y**3 + 10*y**2 + 7*y + 20. Give j(t).
38
Suppose 31 + 5 = 5*o - x, o = 4*x - 8. Let q(a) = a**3 - 9*a**2 + 7*a + 10. What is q(o)?
2
Let k(y) be the first derivative of y**3/3 - 2*y**2 + 11. Let x = -50 - -54. Suppose -3*l = s + 11, -3*l + x = -4*s - 7*l. Give k(s).
0
Let m(i) = -i**3 - i**2 - 2*i - 3. Suppose 13*g + 41 = 80. Let j be (-3 + 0 + 4)*1. Let n be (1 - j) + 0 + (1 - g). Determine m(n).
5
Let r(o) = -4 - 18 - 13*o + 23. Let m(k) be the second derivative of -k**5/20 - 11*k**4/12 - k**2/2 + 12*k. Let u be m(-11). What is r(u)?
14
Let u(i) = -17*i + 32*i - 32*i - 147 + 73*i + 715. Determine u(-10).
8
Let h be 765/357 - (-495)/(-35). Let a(i) = -i**3 - 11*i**2 + 9*i - 6. Calculate a(h).
30
Let z(m) = 4*m - 2688 - m**2 + 2681 - m**2. Determine z(5).
-37
Let i(h) = h + 1. Let w(z) be the second derivative of z**3/3 - 11*z**2/2 - 6*z. Let j be ((-8)/(-14))/(8 - 888/112). Let c be w(j). Give i(c).
6
Let j(o) be the second derivative of -o**5/20 - 5*o**4/12 - 2*o**3/3 - 5*o**2/2 - 3*o + 45. Suppose 5*m + 20 = -r, 3*r + m = 6 - 24. Calculate j(r).
15
Let u(h) = -2*h**3 + h**2 + 2*h. Let a(x) = 13*x**3 - 9*x**2 - 14*x. Let f(o) = a(o) + 6*u(o). Let i(c) = 5*c - 31. Let b be i(7). Determine f(b).
8
Let c = -3424 - -3427. Let i(s) = -5*s + 12. Give i(c).
-3
Let q(h) = h**3 - 5*h**2 + 5*h - 6. Suppose c - 9*c + 792 = 0. Let n = 103 - c. Calculate q(n).
-2
Let n be (-204)/(-119)*(-84)/(-72). Let o(d) = -13*d**2 + 4*d - 1. Give o(n).
-45
Suppose -5*o + 26 = -4*z, -3*o = -4*z - 25 + 3. Let m(s) = -3*s**2 - 4 + o*s**2 + 12*s - 24*s + 8*s. Let h = -94 + 90. Calculate m(h).
-4
Let z(j) = -10*j. Let a be z(-2). Let m be 4*(4 + (-75)/a). Let n(b) = 16*b**2. Determine n(m).
16
Let u(w) be the second derivative of 0*w**2 + 2*w**3 - 1/120*w**5 - 7*w + 1/12*w**4 + 0. Let o(m) be the second derivative of u(m). Calculate o(-4).
6
Let v = 6636 + -6626. Let b(h) = -h**3 + 11*h**2 - 14*h - 1. Calculate b(v).
-41
Let t(k) = 17*k**3 - k**2 - k + 1. Let r = -160 + 163. Suppose -d - 3 = -j, d + 10 = -d + r*j. Calculate t(d).
16
Let s(f) be the third derivative of 0*f + 23*f**2 - 1/3*f**3 + 1/12*f**4 + 0. Let a(q) = q**3 - 8*q**2 + 5*q + 7. Let i be a(7). Give s(i).
-16
Let d(p) be the first derivative of p**6/360 - 7*p**5/120 + p**4/8 - 52*p**3/3 - 59. Let k(z) be the third derivative of d(z). Let h = 1 - -5. What is k(h)?
-3
Let j be (-459)/(-972) - 16/72. Let l(o) be the first derivative of -2*o - 2*o**3 + 3/2*o**2 + j*o**4 + 9. What is l(5)?
-12
Let c(r) = -18*r + r**2 + 10*r - r**3 - 4 + 17*r + 6*r**2. Let z(q) = 8*q**2 + 4*q - 4. Let u be z(1). Determine c(u).
4
Let g(n) = n**3 - 4*n**2 - n - 1. Let v be (14/2)/(3 + -2). Let t be (-7)/3 + v/21. Let s = t - -6. Calculate g(s).
-5
Suppose -t - 18 = -5*k, -27*t + 26*t - 3 = -2*k. Let c(w) = -w + 2. Calculate c(t).
-5
Let i(m) = -m**3 + 8*m**2 + 2*m - 4. Let j = 3231 - 3224. What is i(j)?
59
Suppose -531*l + 439*l = 0. Let d(k) = -5*k + 6. Calculate d(l).
6
Suppose 4*j = -4*w + 20, 2*j - 6*j - 10 = -2*w. Let a be (3 - 4) + (1 - (4 + j)). Let n(k) = k**3 + 3*k**2 - 2*k + 3. Calculate n(a).
-5
Let c(v) = v**2 + 8*v - 13. Let x = 93 + -135. Let f = 7 + 26. Let s = f + x. Determine c(s).
-4
Suppose -14*l - 1960 = -2212. Let p(z) = -z**3 + 17*z**2 + 20*z - 24. Determine p(l).
12
Suppose 10*y = 8*y - 4. Let r = y + -5. Let j(s) = -6*s**2 + 30*s + 30. Let a(m) = -m**2 + 6*m + 6. Let n(d) = -11*a(d) + 2*j(d). What is n(r)?
-13
Suppose -15*c - 71 = 154. Let s(l) = -5*l - 74. Determine s(c).
1
Let f(y) = -y**3 + 26*y**2 - 125*y + 94. Let s be f(20). Let l(z) = -z**2 - z - 1. What is l(s)?
-31
Let s(a) = 2*a**2 - 10*a + 6. Suppose 0 = 5*u - 3*g + 14, -4*u + 2*g + 10 = 20. Let n be 0/u + (-6)/(-1). Determine s(n).
18
Let v(k) = 0*k**2 + 3 - 3505*k**3 + 3506*k**3 + 0*k + 8*k**2 - 9*k. Let p be v(-9). Let t(g) = -g**2 + 5*g - 4. Determine t(p).
2
Suppose 51*m + 19 = 55*m + 3. Let w(u) be the second derivative of -26*u - 1/12*u**m + 2*u**2 + 0*u**3 + 0. Determine w(0).
4
Suppose 45 = 30*k - 29*k. Suppose 0 = k*b - 40*b - 20. Let q(l) = -l - 3*l + 3*l + b - 7. Determine q(-3).
0
Let w be (2 + (-9)/3)*4. Let v(o) = -28*o + 69. Let c(n) = -5*n + 12. Let k(z) = -34*c(z) + 6*v(z). Calculate k(w).
-2
Let v(g) = -53*g - 1794. Let p be v(-34). Let a(w) = 58*w - 463. Calculate a(p).
1
Let t be (-2)/((-10)/(-11))*5. Let x(s) = -s**2 - 9*s + 3. Let d(a) = -6*a**2 - 47*a + 14. Let f(k) = t*x(k) + 2*d(k). What is f(8)?
-29
Let b(m) = -14*m**3 + 101*m**2 + 1121*m - 114. Let n(c) = 5*c**3 - 34*c**2 - 384*c + 38. Let v(i) = 4*b(i) + 11*n(i). Calculate v(37).
-1
Let f(w) = 4*w**2 - 22*w + 39. Let b be f(5). Suppose 3*x - 2*h - 23 = 0, -h + b = -3*x + 6*x. Let i(y) = y**3 - 8*y**2 - 4*y - 10. Give i(x).
35
Let f(k) = k**3 + 2*k**2 - 3*k - 2. Let q be 54/(-297) - (-79)/11. Suppose 5*r - q*r + 10 = 0. Suppose 8*n = 10*n + 3*d, 4*n - r*d = -22. Determine f(n).
-2
Let d(m) = m**2 + 10*m + 24. Let q be d(-5). Let l(c) = -244*c**3 + 2*c**2 - c - 2. Let f be l(q). Let w(t) = f + 6*t**2 - 245 + t**3 - t. Give w(-6).
6
Suppose 2*l + 1 = 7. Let z(g) = 2 + 3*g + 2*g**2 + l*g - g**2. Let k be -144 + 186 - 460/10. What is z(k)?
-6
Let d(i) be the second derivative of -3*i**2/2 - 3*i - 5. Let p(y) = y**2 - 8*y - 4. Let x(a) = 4*d(a) - p(a). Calculate x(6).
4
Let p = -12124 + 12139. Let g(a) = a**2 - 15*a - 32. Calculate g(p).
-32
Let s(t) = -t + 3. Let y(x) = x**2 - 10*x - 14. Let l be y(14). Let g = l + -36. Suppose h - 2*d = g*h + 22, 2*d = 2*h + 6. What is s(h)?
7
Let z(i) = -i - 38. Let r(j) = j + 19. Let b(l) = 5*r(l) + 3*z(l). Suppose 167*w - 5*s + 6 = 166*w, -5*s = 5*w - 60. Calculate b(w).
-1
Let l(i) = -2 - 19*i**2 - 67*i + 53*i + 2 + 26*i**2. What is l(2)?
0
Let y be (-1 - 16/32)/((-1)/(-4)). Let c(a) = 3*a + 4 - 2*a - 1. Determine c(y).
-3
Suppose -13*n + 20 = -3*n. Let s(o) = 2966*o**n - 2969*o**2 - 1 + 0 - 2*o. Give s(-3).
-22
Let j be (-695)/(-45) - 16/36. Let i be 9/j - (132/(-30) + 1). Let d(w) = -3*w + 7. Determine d(i).
-5
Let p(i) = i - 3. Let j(q) = -q - 1. Let g(t) = 5*t + 1. Let c(f) = -g(f) - 4*j(f). Let v(z) = 5*c(z) + 4*p(z). What is v(-3)?
6
Suppose -98*b = -93*b - 20. Let j(r) = -1 + 3*r**3 - 209*r**2 + b*r**3 + 211*r**2 - 3*r**3 + 2*r**3. Give j(-1).
-5
Suppose 15*n + 168 = 57*n. Let r(s) be the third derivative of s**5/60 - s**4/12 - 2*s**3/3 + 2*s**2. Calculate r(n).
4
Let z(b) = -7*b + 83. Let r(s) = -57*s + 665. Let v(f) = 2*r(f) - 17*z(f). Give v(18).
9
Let u(p) = 10*p - 19*p + 621 - 627 + 6*p**2 + p**3. Calculate u(-7).
8
Let d = -8 - -10. Suppose 11*o - 182 = -3*o. Let a(c) = 33 - 19 - 2*c + c**d - o. Determine a(3).
4
Let s be -21 + (-802)/(-38) + 72/38. Let k(o) = 5*o**2 - 4. What is k(s)?
16
Let d(n) = -7 + 83*n**3 - 168*n**3 + 3*n + 86*n**3. Let p(c) = -c + 2. Let i(t) = 2*d(t) + 7*p(t). Suppose 14 = 6*h + 2. Give i(h).
14
Let m(n) = 30*n**2 - 40*n - 19. Let v(s) = 82*s**2 - 115*s - 57. Let u(z) = -11*m(z) + 4*v(z). Determine u(-1).
-1
Let x = 447 - 297. Suppose -5*o = -x - 490. Let k(i) = i - o + 128. Calculate k(-5).
-5
Suppose -28*a - 3 = -59. Let v(x) be the third derivative of -1/60*x**5 - 17*x**a + 1/3*x**3 + 0*x + 